Let v be r(29). Suppose 0 = v*c - 36*c - 1475. What is the tens digit of c?
9
Suppose 10*r + 6567 = 5*w + 6*r, -r = 4*w - 5262. Suppose -3*k + w - 118 = 0. What is the tens digit of k?
9
Suppose -3 + 40 = -3*w + z, z + 23 = -2*w. Suppose -b + 24 = -5*k, 2*b - 5*k + 2 - 30 = 0. What is the tens digit of 150/b + 6/w?
3
Suppose -46*x = 39*x - 22*x - 1910727. What is the tens digit of x?
2
Suppose 108*d + 120 = 93*d. What is the units digit of ((-132)/d)/(60/80)?
2
Let h be (-42070)/(-112) - (-6)/16. Let a = -76 + h. What is the tens digit of a?
0
What is the thousands digit of 3 - ((-18)/(-54))/(2/(-48534))?
8
Suppose -3*f = -2*f. Let s = -2368 - -2769. Suppose -4*i - 49 + s = f. What is the units digit of i?
8
Let h = 124 + -121. Let t(o) = -o**2 - 12*o + 2. Let c be t(-12). Suppose 815 = 3*s + 4*k, -5*s + h*s = c*k - 540. What is the units digit of s?
5
Let z(w) = -31*w**3 - 9*w**2 + 7*w + 83. What is the thousands digit of z(-7)?
0
Let m(j) = 12802*j**2 - 10*j + 9. Let u be m(1). Suppose -54*h = -37*h - u. What is the hundreds digit of h?
7
Suppose -111993 = -53*i + 48*i - 3*y, i - y = 22405. What is the tens digit of i?
0
Let q(x) be the second derivative of 3*x**5/20 + x**3/6 + 8*x. Let h be q(-1). Let o = 9 - h. What is the units digit of o?
3
Let k be (-3 - 0)*(0 + -1). Suppose 447 = z + 2*o, k*z + 2*o = -2*z + 2227. What is the tens digit of z?
4
Suppose -2*x + 2*w - 5*w - 12 = 0, -8 = 4*w. Let h be ((-9)/3)/x*18. What is the units digit of (-188)/3*(-27)/h?
4
Suppose -5*s + 4560 = -2040. Suppose 0 = 4*o - s - 224. What is the units digit of o?
6
Suppose 12*b - 1176 = 2616. Suppose -635 = -4*o - 0*o + 5*f, 0 = 2*o - 2*f - b. Let t = o + -55. What is the hundreds digit of t?
1
Let c(s) = -s**3 - 9*s**2 - 42*s + 2. Let o(w) = w**2 - 1. Let u(n) = -c(n) + 6*o(n). What is the tens digit of u(-11)?
1
Let l = -3 - -6. Suppose -l*t + 5*x + 1623 = 7*x, 0 = -5*t + 4*x + 2705. What is the tens digit of t?
4
What is the hundreds digit of 1433 + 335 + (3 - 1)/2?
7
What is the hundreds digit of 17/238 + 4 + (-2 - (-194735)/70)?
7
Suppose -250*c = -264*c + 110978. What is the thousands digit of c?
7
Let y(t) = -4*t**2 - 475*t - 203. What is the tens digit of y(-58)?
9
Let q(f) = 67*f - 4. Let s(r) = -68*r + 4. Let i(p) = 4*q(p) + 3*s(p). Let l be i(1). What is the tens digit of 8*-1*l/(-8)?
6
Suppose 2*b - 110 = 7*b. Let s(j) = j**2 + 21*j - 27. Let k be s(b). What is the units digit of 2/k + (-512)/(-80)?
6
Suppose -6*f + 46 = -14. Let z be -3 + f + -3 - 72. What is the tens digit of 3/(-4) - 3723/z?
5
Suppose 0 = 30*a - 1882510 + 379330. What is the units digit of a?
6
Suppose -325 = -5*g - i, 65 = -4*g + 5*g - 4*i. Let c(u) = -3 - 1 - 27*u - g*u. What is the tens digit of c(-1)?
8
Let g = 8698 + 296. What is the hundreds digit of g?
9
Suppose -96*j + 94*j = u + 42, 0 = -3*j. Let b(r) = -20*r**2 - r - 1. Let t be b(2). Let x = u - t. What is the units digit of x?
1
Suppose 12 = 3*c - 24. Let m be ((-3)/(-2))/(c/1984). Suppose -3*p + 5*b = -m, -95 - 144 = -3*p - 4*b. What is the tens digit of p?
8
Let j(y) = -23*y - 16. Let k(t) = t - 1. Let u = -33 - -39. Let n(b) = u*k(b) + j(b). What is the tens digit of n(-4)?
4
Suppose 291 = 13*v + 1188. Let t = -14 + 119. Let q = v + t. What is the tens digit of q?
3
Suppose 0 = 34*b - 55*b + 173561 + 592. What is the thousands digit of b?
8
Let o = -28735 + 43104. What is the thousands digit of o?
4
Let g be (-4)/(58/(-30) + (-3)/(-5)). Suppose -5*w + 3*p - 2*p - 530 = 0, 5*w + 510 = -g*p. Let a = w + 182. What is the tens digit of a?
7
Suppose -5*k = -2*k - 2*k. Suppose u - 6*g + 2*g - 44 = k, -3*u + g = -110. What is the units digit of u?
6
Let g(i) = 4*i**2 - 6*i - 9. Let v(j) = 2*j**2 - 3*j - 4. Let q(r) = 3*g(r) - 5*v(r). What is the units digit of q(6)?
7
Let r(b) = 6*b**2 + 660*b - 294. What is the thousands digit of r(-132)?
7
Suppose -2*h + 81 = 5*y, 4*y + 12 = 2*h - 42. Let m = h - 31. Suppose 128 = -0*j + m*j + c, 0 = 4*j + 4*c - 264. What is the units digit of j?
2
Let d(l) = 15*l**2 + 17*l + 35. Suppose -2*o - 20 = 5*n, 2*n + 3*o + 25 = -3*n. What is the tens digit of d(n)?
6
Let p(y) = 222*y**2 - 7*y - 8. Let j be p(-1). Suppose 0 = -20*i - j + 8241. What is the units digit of i?
1
Let c(p) = 669*p**2 - 2*p + 1. Let k = 170 - 171. What is the hundreds digit of c(k)?
6
Let t = -72 + 77. Suppose t*n = 560 + 1165. What is the units digit of n?
5
Let c be ((-8)/120*-5)/((-1)/(-2409)). Let s = c - 369. What is the hundreds digit of s?
4
Suppose -4*h + 3*r + 57669 = 0, 4*h + 72066 = 9*h + 3*r. What is the thousands digit of h?
4
Let c be (-30078)/36*(-2 + 0/1). Let i = c - 1109. What is the units digit of i?
2
Let b(w) = 2*w**2 + 5*w + 1. Let y be b(-2). What is the units digit of ((-748)/(-66))/(y/((-9)/6))?
7
Suppose 378602 + 26481 = 11*b - 5*d, 2*b - 4*d - 73636 = 0. What is the ten thousands digit of b?
3
Let f = 83 + -80. Suppose 325 = -4*g + 5*u, -2 = f*u + 7. Let s = g + 182. What is the tens digit of s?
9
Suppose 2*d + 19*d - 63 = 0. Suppose 4*a = -m + 5 + 10, -d*m - 2*a = -35. What is the tens digit of m?
1
Let f be ((25 - 28)/((-2)/(-2)))/1. Let v(m) = m**2 + 3*m + 16. What is the tens digit of v(f)?
1
Suppose 2*m = -2*o + 7*o + 11, -3*o = -3*m + 3. Let a be (-5 - 15/o)/2. Suppose 5*w = -a*w + 695. What is the hundreds digit of w?
1
Suppose 4*m + 55 = 72*w - 75*w, -5*w - 83 = -2*m. What is the hundreds digit of w*30*12/(-36)?
1
Let h(w) be the first derivative of 8*w**3/3 - 23*w + 141. What is the tens digit of h(-8)?
8
Let a(q) = 40590*q**2 + 888*q + 888. What is the hundreds digit of a(-1)?
5
Let n(b) = -152*b**2 + 2*b - 5. Let g be n(2). Let y = g - -1217. What is the units digit of y?
8
Suppose 5*b = -10*b + b + 3276. What is the hundreds digit of b?
2
Let t(k) = -176*k + 1214. What is the thousands digit of t(-53)?
0
Let q(g) = -g**2 - g. Let f(c) = 8*c**2 + 26*c + 26. Let t(v) = f(v) + 5*q(v). What is the tens digit of t(10)?
3
Suppose -t - 1701 = -5*i + 23224, -2*t + 10 = 0. What is the thousands digit of i?
4
Let g(o) = o**3 + 15*o**2 - o - 15. Let y be g(-15). Suppose -t + 19 = 5*j, y*j = -5*j. Suppose m - t = 19. What is the units digit of m?
8
Let d(b) be the first derivative of -7*b**4/4 - b**3/3 + 5*b**2 + 18*b + 18. What is the units digit of d(-4)?
0
Suppose -3 = -3*r + 3. Let s(t) = 3*t + 2*t**r - t**3 + 5 + 3*t**2 - 4. What is the units digit of s(4)?
9
Let f(o) = -5*o**3 + 5*o**2 + 25*o + 1. What is the units digit of f(-5)?
6
Suppose 10*z = -3*z - 26*z + 3125109. What is the thousands digit of z?
0
Suppose 1657034 + 4021716 = 110*v. What is the ten thousands digit of v?
5
Suppose -10*m = 3*a - 372436, 100*m - 98*m - 3*a - 74516 = 0. What is the tens digit of m?
4
Let j = 6165 + -2656. What is the thousands digit of j?
3
Suppose -57*y = -41*y - 109984. What is the hundreds digit of y?
8
Let y(c) = 520*c + 5220. What is the units digit of y(7)?
0
Let m(j) = -289*j**3 - 17*j**2 - 20*j - 2. Suppose 3 - 39 = 36*w. What is the tens digit of m(w)?
9
Suppose -27810 = -3*d - 5*l, 26*d = 23*d + 3*l + 27834. What is the units digit of d?
5
What is the tens digit of 24650 + (16 + -15)/((-4)/(-4))?
5
Suppose -2*z + q = -59012, -5*z + 217359 - 69830 = -3*q. What is the tens digit of z?
0
What is the thousands digit of (-130109)/(-5) + (-2340)/(-1950)?
6
Let p(w) = -2*w + 25. Suppose 5*j + 5*l - 155 = 0, -5*l - 12 = -5*j + 123. Suppose 0 = 31*u - j*u - 12. What is the tens digit of p(u)?
1
Suppose 1 = -4*j + 17. Let h = -17051 - -17056. Suppose 4*z - 825 = 3*m, h*z + 5*m - j*m = 1036. What is the tens digit of z?
0
Let t = 7873 + -5515. What is the tens digit of t?
5
Suppose 0 = 2*d + 2*o - 22 + 20, 0 = -3*d + 5*o + 35. Let a(x) = 0*x**3 + 2 - x**3 + 2*x**3 - 12*x + 4*x**2. What is the hundreds digit of a(d)?
1
Let g(c) = -10*c + 40. Let q(y) = 9*y - 41. Let u(h) = 6*g(h) + 7*q(h). Let p be u(19). Suppose -4*j + p*j - 240 = 0. What is the units digit of j?
0
Let g = 2097 + 4897. What is the hundreds digit of g?
9
Let x = 1708 + -513. Suppose j + 5*t - 387 = 0, -3*j + x = 6*t - 8*t. What is the tens digit of j?
9
Let r(g) = g**3 - 4*g**2 + 10*g - 18. Let q be r(3). Let b(v) = -2*v + 2*v + 2*v + 7 - v. What is the tens digit of b(q)?
1
Let a(x) = 5*x**3 + 5*x**2 - 2*x + 13. Let o(y) = -